24851. Determine c(53).
6
Let f(r) = -r**3 - 549*r**2 - 2167*r + 6940. Determine f(-545).
-145
Let j(l) = l**2 + 3695*l + 1309318. Determine j(-397).
12
Let y(j) = -128*j**2 - 925*j - 182. What is y(-7)?
21
Let s(x) = -x**3 + 118*x**2 - 3152*x + 1474. Calculate s(40).
194
Let w(m) = 19458*m + 369762. Determine w(-19).
60
Let b(f) = -791*f + 41845. Calculate b(53).
-78
Let f(h) = -2*h**2 + 773*h - 39449. What is f(326)?
-3
Let j(t) = 11*t**3 - 160*t**2 - 82*t + 55. Calculate j(15).
-50
Let h(y) = -3197*y - 246181. What is h(-77)?
-12
Let s(t) = -5*t**2 + 173*t + 29953. What is s(-62)?
7
Let w(l) = -16034*l + 256525. Calculate w(16).
-19
Let f(i) = -2400*i - 57584. Determine f(-24).
16
Let v(x) = x**3 - 6*x**2 - 104*x + 88. What is v(12)?
-296
Let w(y) = y**2 - 1970*y + 195806. What is w(105)?
-19
Let h(a) = -90156*a - 450878. Give h(-5).
-98
Let k(r) = -835*r - 16621. Give k(-20).
79
Let q(v) = -62087*v - 5215283. Calculate q(-84).
25
Let z(v) = 742*v - 15037. Determine z(20).
-197
Let n(g) = 296*g + 53523. Determine n(-181).
-53
Let g(h) = -596*h**2 - 6606*h + 188. Determine g(-11).
738
Let y(q) = -4*q**2 - 2032*q + 60017. Give y(-536).
-15
Let u(q) = 2548*q - 26513. Determine u(12).
4063
Let s(p) = 2*p**2 - 1083*p + 6425. Calculate s(6).
-1
Let v(a) = 1695*a - 17126. What is v(10)?
-176
Let d(l) = 4695*l - 694850. What is d(148)?
10
Let z(f) = 152*f - 636. Calculate z(8).
580
Let q(c) = -2*c**2 + 122*c + 8928. Calculate q(-43).
-16
Let b(d) = -4703*d + 145743. Calculate b(31).
-50
Let b(m) = m**3 + m**2 - 125*m - 338. Give b(12).
34
Let s(t) = 3*t**2 + 4830*t - 14502. Give s(3).
15
Let f(j) = -j**2 - 94*j - 1568. Determine f(-41).
605
Let w(d) = d**3 + 151*d**2 + 306*d + 1127. Calculate w(-149).
-65
Let l(o) = 42387*o - 381432. Calculate l(9).
51
Let z(v) = 13*v**2 + 1545*v + 1804. Give z(-118).
506
Let l(t) = -17*t**2 - 207*t + 814. Determine l(-15).
94
Let k(b) = -3*b**2 - 257*b - 3273. Calculate k(-70).
17
Let q(c) = -11815*c - 141735. Calculate q(-12).
45
Let d(f) = -23957*f + 23930. Give d(1).
-27
Let n(b) = -b**3 - 11*b**2 + 29*b + 34. Calculate n(3).
-5
Let g(q) = -109*q**2 - 2412*q - 294. Calculate g(-22).
14
Let k(f) = 799*f + 385. Determine k(0).
385
Let a(y) = 3211*y - 25757. Give a(8).
-69
Let u(k) = -7*k**2 + 396*k + 104310. Give u(-97).
35
Let f(y) = 3*y**2 + 17875*y + 498335. Give f(-28).
187
Let x(r) = r**2 - 89*r + 40. Calculate x(32).
-1784
Let f(l) = 3*l**3 + 151*l**2 + 1431*l - 60. What is f(-36)?
4152
Let g(v) = 1247*v**3 + 30*v**2 - 32*v + 1. What is g(1)?
1246
Let j(z) = -98678*z - 3256387. Determine j(-33).
-13
Let x(o) = 104344*o - 417370. What is x(4)?
6
Let f(b) = -b**2 + 362*b - 16275. Calculate f(309).
102
Let r(l) = 11*l**2 - 1141*l + 7505. Calculate r(7).
57
Let h(u) = u**2 + 906*u + 4514. Calculate h(-5).
9
Let r(y) = 13070*y - 26066. Give r(2).
74
Let s(d) = d**2 + 147*d - 16579. Determine s(72).
-811
Let k(l) = -775*l - 15558. Give k(-21).
717
Let y(f) = -f**2 - 478*f + 304070. What is y(362)?
-10
Let m(q) = -16612*q - 1827299. Determine m(-110).
21
Let j(s) = s**3 - 12*s**2 + 3*s + 510. Give j(19).
3094
Let r(o) = -284*o**3 + 5673*o**2 + 211*o - 1430. Give r(20).
-10
Let f(u) = -u**3 - 219*u**2 - 4139*u + 214. Give f(-21).
-185
Let k(n) = 1028*n**3 - 54*n**2 + 160*n - 105. Calculate k(1).
1029
Let l(o) = -o**3 + 23*o**2 + 97*o - 311. What is l(26)?
183
Let b(n) = 6*n**2 - 558*n - 7583. Give b(-12).
-23
Let c(l) = -16965*l + 31378. What is c(2)?
-2552
Let r(v) = 522285*v + 12534841. What is r(-24)?
1
Let a(l) = l**3 - 8*l**2 - 533*l + 5723. Calculate a(12).
-97
Let y(l) = -27*l**2 - 102*l - 90. Determine y(-6).
-450
Let y(t) = -2*t**2 - 62*t + 2093. Determine y(-50).
193
Let c(z) = -1308*z + 115146. What is c(88)?
42
Let b(f) = 13*f + 301. Calculate b(-3).
262
Let t(x) = x**3 - 246*x**2 - 1254*x - 248. What is t(251)?
3
Let h(f) = -f**3 - 152*f**2 - 4932*f + 305. Determine h(-105).
-10
Let y(n) = 389*n + 4674. Determine y(-12).
6
Let f(k) = 24*k**2 + 9755*k + 52526. Give f(-401).
-5
Let y(b) = -1879*b + 954409. Calculate y(508).
-123
Let y(r) = r**3 + 252*r**2 + 1516*r - 7. Give y(-6).
-247
Let s(f) = f**2 - 1403*f - 6886. Determine s(-5).
154
Let q(g) = g**3 - 31*g**2 + 69*g - 872. Determine q(30).
298
Let a(d) = 68188*d + 68179. Give a(-1).
-9
Let q(m) = 1234*m + 100638. Determine q(-81).
684
Let z(u) = 14995*u - 29981. Give z(2).
9
Let n(u) = -2*u**3 + 10*u**2 - 943*u + 6782. What is n(7)?
-15
Let y(s) = s**3 - 50*s**2 - 25*s - 3990. Calculate y(52).
118
Let w(y) = 95206*y - 761622. Calculate w(8).
26
Let w(a) = a**3 - 11*a**2 + 1095. What is w(0)?
1095
Let k(y) = 2*y**2 - 1164*y + 32071. Give k(29).
-3
Let s(h) = 2*h**3 - 195*h**2 - 5814*h + 15360. Determine s(121).
-7
Let i(r) = -9*r**3 - 100*r**2 - 115*r - 73. Give i(-10).
77
Let q(a) = a**3 - 53*a**2 + 692*a + 379. What is q(27)?
109
Let v(a) = 98*a + 864. Calculate v(-11).
-214
Let o(d) = 39*d**3 + 32*d**2 - 97*d + 36. Calculate o(3).
1086
Let b(v) = 1934*v + 21464. Calculate b(-11).
190
Let k(r) = -2*r**3 + 242*r**2 - 17*r + 2251. Determine k(121).
194
Let u(k) = -4*k**3 - 28*k**2 + 436*k - 166. What is u(10)?
-2606
Let z(b) = -b**2 + 714*b + 17711. What is z(-24)?
-1
Let p(v) = -2179*v + 270195. Give p(124).
-1
Let v(j) = -7*j**2 - 91*j + 441. Give v(-16).
105
Let f(g) = -3*g**3 + 177*g**2 - 25*g + 1189. Give f(59).
-286
Let z(x) = 2*x**3 - 273*x**2 + 1411*x + 3921. Calculate z(131).
-9
Let o(v) = v**3 + 23*v**2 - 195*v - 117. Give o(6).
-243
Let u(d) = -6176*d - 1580882. Determine u(-256).
174
Let k(g) = -11304*g - 158254. Determine k(-14).
2
Let f(x) = 3870*x - 27013. Determine f(7).
77
Let j(c) = c**3 - 78*c**2 + 1739*c - 128010. Calculate j(77).
-36
Let a(q) = -471756*q + 4245814. Determine a(9).
10
Let n(u) = -675*u + 480. Give n(2).
-870
Let f(r) = -28*r**3 - 2886*r**2 - 82*r + 12770. What is f(-103)?
-2
Let l(u) = -u**2 - 159*u + 1403. What is l(8)?
67
Let m(i) = -i**3 - 16*i**2 - 16*i + 48. Calculate m(-15).
63
Let k(p) = -22881*p - 205873. What is k(-9)?
56
Let k(t) = -33*t**3 - 140*t**2 - 57*t - 124. Give k(-4).
-24
Let h(m) = -152*m + 1803. Determine h(11).
131
Let w(u) = -216*u**3 - 1091*u**2 - 43*u - 19. Determine w(-5).
-79
Let s(b) = -2*b**2 - 1374*b - 70819. What is s(-631)?
-147
Let j(q) = 1906*q - 588947. Calculate j(309).
7
Let y(b) = b**3 + 187*b**2 - 542*b + 4. Give y(3).
88
Let j(w) = -3*w**3 - 685*w**2 - 2909*w + 695. Give j(-224).
23
Let t(p) = 131026*p - 9302856. What is t(71)?
-10
Let g(l) = -240*l - 7382. Give g(-32).
298
Let u(y) = y**3 - 1263*y**2 - 3797*y + 2. Calculate u(-3).
-1
Let o(q) = -580*q - 3988. What is o(-7)?
72
Let g(j) = 14*j + 1543. What is g(-46)?
899
Let b(i) = -18*i - 196. Calculate b(29).
-718
Let m(t) = 153*t**2 + 9*t - 5. Calculate m(-3).
1345
Let r(n) = -4*n**3 - 20*n**2 + 189*n - 41. Give r(9).
-2876
Let v(b) = b**3 - 77*b**2 + 74*b - 78. Give v(76).
-230
Let l(m) = 1178*m - 28949. What is l(25)?
501
Let x(t) = -14*t**2 - 3790*t + 4874. What is x(-272)?
-22
Let g(t) = 156*t - 1498. Give g(8).
-250
Let y(b) = 36154*b + 3217713. What is y(-89)?
7
Let b(u) = -5006*u - 35080. What is b(-7)?
-38
Let k(f) = 302*f + 16234. Determine k(-53).
228
Let i(m) = -4*m**2 + 94062*m + 470413. What is i(-5)?
3
Let h(r) = 279*r + 15758. Determine h(-47).
2645
Let w(y) = -47*y + 2468. What is w(52)?
24
Let c(d) = -d**3 - 5*d**2 - 10*d - 183. What is c(0)?
-183
Let j(h) = -h**3 + 7*h**2 + 11432*h - 102805. What is j(9)?
-79
Let d(b) = 18*b**2 - 74*b + 45. What is d(5)?
125
Let b(m) = -62*m**2 + 187*m - 131. Give b(1).
-6
Let h(p) = 5*p**3 - 935*p**2 - 16230*p - 2025. Determine h(203).
5
Let y(c) = -396*c**2 + 2744*c + 182. Give y(7).
-14
Let s(l) = 7531*l - 97562. Determine s(13).
341
Let b(a) = -9360*a - 102940. Calculate b(-11).
20
Let h(d) = -5*d**2 - 2302*d - 18422. Determine h(-8).
-326
Let b(a) = -3*a**2 + 91*a - 1528. Calculate b(19).
-882
Let p(c) = 44*c**2 + 3114*c + 162. Give p(-71).
872
Let l(p) = -2*p**3 - 43*p**2 - 23*p - 22. Give l(-21).
20
Let v(n) = -4*n**2 - 845*n + 1257. What is v(-214)?
-1097
Let p(o) = -41*o**2 - 3425*o + 1105. Give p(-84).
-491
Let l(j) = -639*j - 25611. Give l(-40).
-51
Let c(v) = 218*v**2 + 11333*v - 168. Determine c(-52).
-12
Let k(o) = 52*o**2 + 166*o - 507. Give k(-5).
-3